{"id":32,"date":"2026-02-27T15:13:12","date_gmt":"2026-02-27T15:13:12","guid":{"rendered":"http:\/\/budgettjekket.dk\/?page_id=32"},"modified":"2026-03-02T10:23:59","modified_gmt":"2026-03-02T10:23:59","slug":"lidt-om-mig","status":"publish","type":"page","link":"https:\/\/budgettjekket.dk\/index.php\/lidt-om-mig\/","title":{"rendered":"Lidt om mig"},"content":{"rendered":"\n<div class=\"wp-block-group alignfull is-layout-flow wp-block-group-is-layout-flow\">\n<div class=\"wp-block-group alignfull has-global-padding is-layout-constrained wp-block-group-is-layout-constrained\" style=\"padding-top:var(--wp--preset--spacing--50);padding-bottom:var(--wp--preset--spacing--50)\">\n<h2 class=\"wp-block-heading alignwide has-text-align-center has-x-large-font-size\">Mit navn er Lea Plum-Jensen, og jeg er mikrobiolog, mor, \u00e6gtef\u00e6lle og BudgetTjekker<\/h2>\n<\/div>\n<\/div>\n\n\n\n<div class=\"wp-block-group alignfull has-global-padding is-layout-constrained wp-block-group-is-layout-constrained\" style=\"margin-top:0;margin-bottom:0\">\n<div class=\"wp-block-columns alignwide is-layout-flex wp-container-core-columns-is-layout-65e523f9 wp-block-columns-is-layout-flex\">\n<div class=\"wp-block-column is-layout-flow wp-block-column-is-layout-flow\" style=\"flex-basis:66.66%\">\n<div class=\"wp-block-query is-layout-flow wp-block-query-is-layout-flow\"><ul class=\"wp-block-post-template is-layout-flow wp-block-post-template-is-layout-flow\"><li class=\"wp-block-post post-1 post type-post status-publish format-standard hentry category-uncategorized\">\n\n<div class=\"wp-block-group is-layout-flow wp-container-core-group-is-layout-81d5c4b5 wp-block-group-is-layout-flow\">\n<div class=\"wp-block-group has-global-padding is-layout-constrained wp-block-group-is-layout-constrained\">\n<div class=\"wp-block-columns is-layout-flex wp-container-core-columns-is-layout-28f84493 wp-block-columns-is-layout-flex\">\n<div class=\"wp-block-column is-layout-flow wp-block-column-is-layout-flow\" style=\"flex-basis:100%\">\n<figure class=\"wp-block-image size-large\"><img loading=\"lazy\" decoding=\"async\" width=\"1024\" height=\"683\" src=\"http:\/\/budgettjekket.dk\/wp-content\/uploads\/2026\/03\/jhs_03581_05-02-2024-copy-1024x683.jpg\" alt=\"\" class=\"wp-image-54\" srcset=\"https:\/\/budgettjekket.dk\/wp-content\/uploads\/2026\/03\/jhs_03581_05-02-2024-copy-1024x683.jpg 1024w, https:\/\/budgettjekket.dk\/wp-content\/uploads\/2026\/03\/jhs_03581_05-02-2024-copy-300x200.jpg 300w, https:\/\/budgettjekket.dk\/wp-content\/uploads\/2026\/03\/jhs_03581_05-02-2024-copy-768x512.jpg 768w, https:\/\/budgettjekket.dk\/wp-content\/uploads\/2026\/03\/jhs_03581_05-02-2024-copy-1536x1024.jpg 1536w, https:\/\/budgettjekket.dk\/wp-content\/uploads\/2026\/03\/jhs_03581_05-02-2024-copy-2048x1365.jpg 2048w\" sizes=\"auto, (max-width: 1024px) 100vw, 1024px\" \/><\/figure>\n<\/div>\n<\/div>\n<\/div>\n<\/div>\n\n<\/li><\/ul>\n\n\n<p>Jeg har stiftet BudgetTjekket prim\u00e6rt for at hj\u00e6lpe andre studerende og b\u00f8rnefamilier med at overskue deres hverdags\u00f8konomi. N\u00e5r alt er sat i system kan du meget lettere slippe bekymringerne og fokusere p\u00e5 de ting i livet, som g\u00f8r dig glad.<\/p>\n\n\n<\/div>\n\n\n\n<p class=\"has-accent-2-color has-text-color has-link-color wp-elements-8c4eaf59582bccfee2bb59c0903cece0\">Vil du ogs\u00e5 gerne slippe bekymringerne? S\u00e5 <strong><a href=\"http:\/\/budgettjekket.dk\/index.php\/sample-page\/\" data-type=\"page\" data-id=\"2\">kontakt mig<\/a><\/strong> og h\u00f8r om, hvordan vi laver et budget til dig.<\/p>\n<\/div>\n\n\n\n<div class=\"wp-block-column is-layout-flow wp-block-column-is-layout-flow\" style=\"flex-basis:33.33%\">\n<div class=\"wp-block-query is-layout-flow wp-block-query-is-layout-flow\"><div class=\"wp-block-query-no-results\">\n\n<p>Jeg startede min budget-rejse i 2017, da jeg fik mit f\u00f8rste barn. B\u00e5de jeg og min mand var p\u00e5 det tidspunkt i gang med vores Bacheloruddannelser, og pengene var derfor sm\u00e5. Vi opdagede gang p\u00e5 gang at uforudsete udgifter \u00e5d vores r\u00e5dighedsbel\u00f8b, og jeg begyndte derfor at lave et budget, som kunne akkomodere n\u00e6sten hvad som helst. Efter 8 \u00e5r har vi aldrig l\u00f8bet ind i en udgift, som vores budget ikke kunne holde til.<\/p>\n\n<\/div><\/div>\n<\/div>\n<\/div>\n\n\n\n<div style=\"height:var(--wp--preset--spacing--30)\" aria-hidden=\"true\" class=\"wp-block-spacer\"><\/div>\n<\/div>\n\n\n\n<div class=\"wp-block-group alignfull has-global-padding is-layout-constrained wp-block-group-is-layout-constrained\" style=\"margin-top:0;margin-bottom:0\">\n<div class=\"wp-block-group alignwide has-global-padding is-layout-constrained wp-block-group-is-layout-constrained\"><\/div>\n<\/div>\n\n\n\n<p><\/p>\n","protected":false},"excerpt":{"rendered":"<p>Mit navn er Lea Plum-Jensen, og jeg er mikrobiolog, mor, \u00e6gtef\u00e6lle og BudgetTjekker Vil du ogs\u00e5 gerne slippe bekymringerne? S\u00e5 kontakt mig og h\u00f8r om, hvordan vi laver et budget til dig.<\/p>\n","protected":false},"author":1,"featured_media":0,"parent":0,"menu_order":0,"comment_status":"closed","ping_status":"closed","template":"","meta":{"footnotes":""},"class_list":["post-32","page","type-page","status-publish","hentry"],"_links":{"self":[{"href":"https:\/\/budgettjekket.dk\/index.php\/wp-json\/wp\/v2\/pages\/32","targetHints":{"allow":["GET"]}}],"collection":[{"href":"https:\/\/budgettjekket.dk\/index.php\/wp-json\/wp\/v2\/pages"}],"about":[{"href":"https:\/\/budgettjekket.dk\/index.php\/wp-json\/wp\/v2\/types\/page"}],"author":[{"embeddable":true,"href":"https:\/\/budgettjekket.dk\/index.php\/wp-json\/wp\/v2\/users\/1"}],"replies":[{"embeddable":true,"href":"https:\/\/budgettjekket.dk\/index.php\/wp-json\/wp\/v2\/comments?post=32"}],"version-history":[{"count":9,"href":"https:\/\/budgettjekket.dk\/index.php\/wp-json\/wp\/v2\/pages\/32\/revisions"}],"predecessor-version":[{"id":64,"href":"https:\/\/budgettjekket.dk\/index.php\/wp-json\/wp\/v2\/pages\/32\/revisions\/64"}],"wp:attachment":[{"href":"https:\/\/budgettjekket.dk\/index.php\/wp-json\/wp\/v2\/media?parent=32"}],"curies":[{"name":"wp","href":"https:\/\/api.w.org\/{rel}","templated":true}]}}